{"id":16,"date":"2026-01-14T10:25:20","date_gmt":"2026-01-14T09:25:20","guid":{"rendered":"https:\/\/nothberger.duckdns.org\/?page_id=16"},"modified":"2026-01-21T12:49:36","modified_gmt":"2026-01-21T11:49:36","slug":"kontakt","status":"publish","type":"page","link":"https:\/\/www.die-nothberger.de\/index.php\/kontakt\/","title":{"rendered":"Kontakt"},"content":{"rendered":"\n<p class=\"wp-block-paragraph\"><strong>Vorstand der Nothberger Fanfarentrompeter 1953 e.V.<\/strong><\/p>\n\n\n\n<p class=\"wp-block-paragraph\"><strong>Vorsitzende<\/strong><br>Daniel Breuer<br><a href=\"mailto:daniela.breuer@die-nothberger.de\">daniela.breuer@die-nothberger.de<\/a><br><br><strong>Gesch\u00e4ftsf\u00fchrer<\/strong><br>Sebastian K\u00f6nnicke<br><a href=\"mailto:info@die-nothberger.de\">info@die-nothberger.de<\/a><br>0179\/4120669<br><br><strong>Kassierer<\/strong><br>Uwe M\u00fcller<br><a href=\"mailto:uwe.mueller@die-nothberger.de\">uwe.mueller@die-nothberger.de<\/a><br><br><strong>Musikalischer Leiter<\/strong><br>Stephan Breuer<br><a href=\"mailto:stephan.breuer@die-nothberger.de\">stephan.breuer@die-nothberger.de<\/a><br><\/p>\n\n\n\n<p class=\"wp-block-paragraph\"><strong>Anfahrt zu unserem Proberaum:<\/strong><\/p>\n\n\n\n<p class=\"wp-block-paragraph\">Unseren Proberaum finden Sie an folgender Adresse:<\/p>\n\n\n\n<p class=\"wp-block-paragraph\">Dom 2000<br>In den Benden 14<br>52249 Eschweiler<\/p>\n","protected":false},"excerpt":{"rendered":"<p>Vorstand der Nothberger Fanfarentrompeter 1953 e.V. VorsitzendeDaniel Breuerdaniela.breuer@die-nothberger.de Gesch\u00e4ftsf\u00fchrerSebastian K\u00f6nnickeinfo@die-nothberger.de0179\/4120669 KassiererUwe M\u00fclleruwe.mueller@die-nothberger.de Musikalischer LeiterStephan Breuerstephan.breuer@die-nothberger.de Anfahrt zu unserem Proberaum: Unseren Proberaum finden Sie an folgender Adresse: Dom 2000In den Benden 1452249 Eschweiler<\/p>\n","protected":false},"author":1,"featured_media":0,"parent":0,"menu_order":3,"comment_status":"closed","ping_status":"closed","template":"","meta":{"_crdt_document":"","footnotes":""},"class_list":["post-16","page","type-page","status-publish","hentry"],"_links":{"self":[{"href":"https:\/\/www.die-nothberger.de\/index.php\/wp-json\/wp\/v2\/pages\/16","targetHints":{"allow":["GET"]}}],"collection":[{"href":"https:\/\/www.die-nothberger.de\/index.php\/wp-json\/wp\/v2\/pages"}],"about":[{"href":"https:\/\/www.die-nothberger.de\/index.php\/wp-json\/wp\/v2\/types\/page"}],"author":[{"embeddable":true,"href":"https:\/\/www.die-nothberger.de\/index.php\/wp-json\/wp\/v2\/users\/1"}],"replies":[{"embeddable":true,"href":"https:\/\/www.die-nothberger.de\/index.php\/wp-json\/wp\/v2\/comments?post=16"}],"version-history":[{"count":4,"href":"https:\/\/www.die-nothberger.de\/index.php\/wp-json\/wp\/v2\/pages\/16\/revisions"}],"predecessor-version":[{"id":32,"href":"https:\/\/www.die-nothberger.de\/index.php\/wp-json\/wp\/v2\/pages\/16\/revisions\/32"}],"wp:attachment":[{"href":"https:\/\/www.die-nothberger.de\/index.php\/wp-json\/wp\/v2\/media?parent=16"}],"curies":[{"name":"wp","href":"https:\/\/api.w.org\/{rel}","templated":true}]}}