{"id":2,"date":"2026-01-14T08:38:56","date_gmt":"2026-01-14T07:38:56","guid":{"rendered":"http:\/\/192.168.111.196\/?page_id=2"},"modified":"2026-01-16T09:27:42","modified_gmt":"2026-01-16T08:27:42","slug":"entertroetment","status":"publish","type":"page","link":"https:\/\/www.die-nothberger.de\/index.php\/entertroetment\/","title":{"rendered":"#entertr\u00f6tment das moderne Entertainment"},"content":{"rendered":"\n<div class=\"wp-block-cover\"><img loading=\"lazy\" decoding=\"async\" width=\"1024\" height=\"1024\" class=\"wp-block-cover__image-background wp-image-61\" alt=\"\" src=\"https:\/\/nothberger.duckdns.org\/wp-content\/uploads\/2026\/01\/image1000173.jpg\" data-object-fit=\"cover\" srcset=\"https:\/\/www.die-nothberger.de\/wp-content\/uploads\/2026\/01\/image1000173.jpg 1024w, https:\/\/www.die-nothberger.de\/wp-content\/uploads\/2026\/01\/image1000173-300x300.jpg 300w, https:\/\/www.die-nothberger.de\/wp-content\/uploads\/2026\/01\/image1000173-150x150.jpg 150w, https:\/\/www.die-nothberger.de\/wp-content\/uploads\/2026\/01\/image1000173-768x768.jpg 768w\" sizes=\"auto, (max-width: 1024px) 100vw, 1024px\" \/><span aria-hidden=\"true\" class=\"wp-block-cover__background has-background-dim\"><\/span><div class=\"wp-block-cover__inner-container is-layout-flow wp-block-cover-is-layout-flow\">\n<p class=\"has-text-align-center has-large-font-size wp-block-paragraph\"><\/p>\n<\/div><\/div>\n\n\n\n<p class=\"wp-block-paragraph\">Im ganz normalen Leben sind sie Maschinenf\u00fchrer, Vertriebsmitarbeiter, Schlosser, Schreiner, Mechaniker, Ingenieur, Polizist oder Soldat. Auf der B\u00fchne sind sie gemeinsam: Die Nothberger! Ein authentischer und unnachahmlicher Live-Sound ist Ihr Markenzeichen. Immer nach dem Motto <strong>#entertr\u00f6tment<\/strong>! Wer die Musiker kennt, ist ihr Fan. Wer sie kennenlernt, wird ihr Fan. Ihre Wurzeln haben Sie im rheinischen Karneval, ihr K\u00f6nnen beweisen sie jede Session auf ein Neues!<\/p>\n\n\n\n<p class=\"wp-block-paragraph\">Aber auch au\u00dferhalb des n\u00e4rrischen Treibens wissen die&nbsp; Nothberger zu entertr\u00f6ten. Kirmes und Sch\u00fctzenfeste, Festzelte und Festhallen, sie sind das ganze Jahr ein Garant f\u00fcr Partystimmung und Ekstase. Lassen Sie sich begeistern von einer Gruppe mit Herz und 100% Musik im Blut. Oder schlicht: <strong>#entertr\u00f6tment<\/strong><\/p>\n","protected":false},"excerpt":{"rendered":"<p>Im ganz normalen Leben sind sie Maschinenf\u00fchrer, Vertriebsmitarbeiter, Schlosser, Schreiner, Mechaniker, Ingenieur, Polizist oder Soldat. Auf der B\u00fchne sind sie gemeinsam: Die Nothberger! Ein authentischer und unnachahmlicher Live-Sound ist Ihr Markenzeichen. Immer nach dem Motto #entertr\u00f6tment! Wer die Musiker kennt, ist ihr Fan. Wer sie kennenlernt, wird ihr Fan. Ihre Wurzeln haben Sie im rheinischen [&hellip;]<\/p>\n","protected":false},"author":1,"featured_media":61,"parent":0,"menu_order":0,"comment_status":"closed","ping_status":"closed","template":"","meta":{"_crdt_document":"","footnotes":""},"class_list":["post-2","page","type-page","status-publish","has-post-thumbnail","hentry"],"_links":{"self":[{"href":"https:\/\/www.die-nothberger.de\/index.php\/wp-json\/wp\/v2\/pages\/2","targetHints":{"allow":["GET"]}}],"collection":[{"href":"https:\/\/www.die-nothberger.de\/index.php\/wp-json\/wp\/v2\/pages"}],"about":[{"href":"https:\/\/www.die-nothberger.de\/index.php\/wp-json\/wp\/v2\/types\/page"}],"author":[{"embeddable":true,"href":"https:\/\/www.die-nothberger.de\/index.php\/wp-json\/wp\/v2\/users\/1"}],"replies":[{"embeddable":true,"href":"https:\/\/www.die-nothberger.de\/index.php\/wp-json\/wp\/v2\/comments?post=2"}],"version-history":[{"count":4,"href":"https:\/\/www.die-nothberger.de\/index.php\/wp-json\/wp\/v2\/pages\/2\/revisions"}],"predecessor-version":[{"id":74,"href":"https:\/\/www.die-nothberger.de\/index.php\/wp-json\/wp\/v2\/pages\/2\/revisions\/74"}],"wp:featuredmedia":[{"embeddable":true,"href":"https:\/\/www.die-nothberger.de\/index.php\/wp-json\/wp\/v2\/media\/61"}],"wp:attachment":[{"href":"https:\/\/www.die-nothberger.de\/index.php\/wp-json\/wp\/v2\/media?parent=2"}],"curies":[{"name":"wp","href":"https:\/\/api.w.org\/{rel}","templated":true}]}}